re the prime factors of g?
2, 2903
Let p be -9 + 6 - -108 - 0. Suppose 310 + 215 = 5*h + 4*l, 0 = -h + 5*l + p. What are the prime factors of h?
3, 5, 7
Let d(w) = w**2 - 9*w + 7. Let l be d(10). Suppose -l*q - 164 = -13*q. Let b = q + 207. What are the prime factors of b?
2, 83
Let g(q) = -352*q + 73. Let s be g(1). Let l(n) = 399*n**2 + n - 1. Let u be l(1). Let d = u + s. List the prime factors of d.
2, 3, 5
Let l = 553 + -549. Suppose -8 = 2*d, -7*d - 1380 = -3*p - l*d. List the prime factors of p.
2, 3, 19
List the prime factors of (2106101/274)/(3/6).
15373
Suppose -4*i + 2*i = n - 12654, n - 4*i = 12690. What are the prime factors of n?
2, 3, 2111
Let n be 357/49 + (-2)/7. List the prime factors of (-3)/(-12) + n/((-56)/(-2486)).
311
List the prime factors of 17180319/(-91)*(-1)/3 + 4/(-7).
3, 11, 1907
Suppose 7 + 41 = 2*w. Let h = -18 + w. Suppose -h*v + 285 = 69. What are the prime factors of v?
2, 3
Suppose 7 = 4*b - 17. Suppose -134 = b*x + 70. Let i = 85 + x. What are the prime factors of i?
3, 17
Let z be 1/(-2) + 47437/26. Suppose -504 = 8*y - z. Suppose -r + 4*c = -y, c = -5*r + 696 + 45. What are the prime factors of r?
149
Suppose 20*h = 26*h + 174. What are the prime factors of ((-646)/(-4))/(h/(-58))?
17, 19
Suppose -4*x - 6*t + 52024 = 0, -16706 - 9276 = -2*x + 2*t. What are the prime factors of x?
41, 317
Let j be (-10 + 7)*(-3)/(-9). Let l be (-15)/j*84/(-14). Let q = l + 176. List the prime factors of q.
2, 43
Let k(u) = 288*u - 1027. What are the prime factors of k(20)?
4733
Let f(k) = k**2 + 11*k + 12. Let b be f(-10). Let p(i) = 98*i**3 + i**2 - i - 1. What are the prime factors of p(b)?
5, 157
Let l(t) be the first derivative of 16*t**3/3 - 5*t**2/2 - 21*t - 9. What are the prime factors of l(-5)?
2, 101
Let n be (-21)/(-5) + 4 + (-210)/50. Let l = 22 + -13. Suppose 180 = l*g - n*g. What are the prime factors of g?
2, 3
Let y(v) be the first derivative of -19*v - 23/2*v**2 - 1/3*v**3 - 4. List the prime factors of y(-20).
41
Suppose -3*t + 20899 = 5*n, -n - 11368 = -4*t + 16528. Suppose -3*y + 1722 = v, -4*v + t = -7*y + 2*y. What are the prime factors of v?
3, 193
Suppose -2*y - 2*f + 0 = -136, f = -2*y + 139. Suppose 3*z + y = 527. Let h = z + -74. What are the prime factors of h?
2, 3, 13
Let j(k) = 9 + 11*k - 3*k**2 - 2 + 4. Let m be j(-7). What are the prime factors of 1/(-3)*(6 + m)?
3, 23
Let o(w) = w**3 + 21*w**2 - 23*w - 20. Suppose 0 = 2*c - 3*z + 32, -5*c - 5*z + 0*z = 130. Let u be o(c). Suppose -u*a + 12 = -192. List the prime factors of a.
2, 3, 17
Let a = -55 + 54. List the prime factors of a*((1 - -4) + (-4256)/7).
3, 67
Let w(r) = -3*r**3 - 6*r**2 - 40*r - 661. What are the prime factors of w(-13)?
2, 3, 151
Suppose 4*v - 3497 = -2*a + 5777, -11*v = 5*a - 25505. List the prime factors of v.
2, 5, 29
Let u = 3631 - -2329. What are the prime factors of (6/(-4))/((165/u)/(-11))?
2, 149
Let f = -2946 + 2085. Let p = f - -1323. List the prime factors of p.
2, 3, 7, 11
Let o(m) = -942*m - 554. List the prime factors of o(-4).
2, 1607
Let f(n) = 199*n**2 - 10*n - 36. Suppose -4 = 9*y + 23. What are the prime factors of f(y)?
3, 5, 7, 17
Suppose 9 = -3*p, 2*w + w = -2*p - 6. Suppose 46*x - 49*x + 1983 = w. Suppose -2*h + x = 5*s, 597 = 5*s + 3*h - 67. List the prime factors of s.
131
Suppose 13*r + 8*r - 80*r = -1606275. List the prime factors of r.
3, 5, 11
Suppose -3*b + 39*m = 37*m - 69064, 4*m = 2*b - 46056. What are the prime factors of b?
2, 17, 677
Let z be 5*(11/66)/((-10)/(-36)). Let b(n) = 3*n**3 - 2*n**2 - 7. What are the prime factors of b(z)?
2, 7
Let x(l) = 15*l**2 - 83*l + 1194. List the prime factors of x(19).
2, 17, 37
List the prime factors of -1*((-4)/(4/9711) - (-18 + 24)).
3, 41, 79
List the prime factors of (338/39)/(8/1992).
2, 13, 83
Let u = 16416 - 10414. What are the prime factors of u?
2, 3001
Suppose 18*d + 293049 = 53*d - 1914996. What are the prime factors of d?
3, 17, 1237
Suppose -o - 4*d = -1033, -3*o - 5*d + 3054 = -2*d. Suppose -1395 = -4*a + o. What are the prime factors of a?
2, 7, 43
Suppose -1014*a + 990*a = -101760. List the prime factors of a.
2, 5, 53
What are the prime factors of -3*(4876/(-33) + 4/44)?
443
Suppose -59*c + 57*c - 1772 = 0. Let k be 20/(-40) - c/(-4). What are the prime factors of -2*(-1)/((-4)/k)?
3, 37
Let l(z) = -3*z + 17. Let t(p) = -4*p - 34. Let j be t(-12). Suppose r + j + 1 = 0. What are the prime factors of l(r)?
2, 31
Let i(y) = 1378*y - 3251. What are the prime factors of i(9)?
9151
Let r(y) = -y**3 + 62*y**2 + 19*y - 48. What are the prime factors of r(15)?
2, 3, 17, 53
Suppose 12*c - 2378 - 214 = 0. Suppose 4*m + 16 = -a + 291, 3*m + 4*a = c. List the prime factors of m.
2, 17
Let u(i) = 3*i + 24. Let f be u(-8). Suppose -2*n + k = -265, f = -n + k + 4*k + 155. Suppose -n = 3*y - 316. What are the prime factors of y?
2, 31
Let x(p) = -p**3 - 54*p**2 - 14*p + 372. What are the prime factors of x(-55)?
3, 463
Let g(n) = 24*n - 15. Let b be g(5). Let f be ((-3)/1)/((-3)/b). Let m = f - 38. What are the prime factors of m?
67
List the prime factors of 290*(0 - 14 - -15).
2, 5, 29
Let j(s) = 143*s**2 - 3968*s + 7. List the prime factors of j(34).
30403
Suppose 18 = -2*y + 12, -4*t + y + 41047 = 0. What are the prime factors of t?
31, 331
Suppose 44 = 12*o - 40. Suppose 2*a - o - 1 = 0. Suppose a*q - 59 = 137. What are the prime factors of q?
7
Let l(m) = 11*m**3 + 3*m**2 - 4*m + 3. Suppose -5*p + 28 = 13. Suppose -c = h - 4, -2*c + p*h = 7*h - 12. What are the prime factors of l(c)?
5, 19
Let c(w) be the second derivative of 1/20*w**5 + 0 - 5/6*w**4 - 3*w**3 + 7/2*w**2 + 18*w. What are the prime factors of c(12)?
79
Let y be (-16)/(-88) + 18/22. List the prime factors of y/5 + 192780/225.
857
Let q(r) = -5883*r + 60. What are the prime factors of q(-2)?
2, 3, 73
Let i(f) = 3*f**2 + 6. Let p be 4/(-12) - 8/(-6). Let y(k) = -2*k**3 - k**2 - 3*k + 2. Let c be y(p). What are the prime factors of i(c)?
2, 3
Let q(y) be the third derivative of 305*y**4/24 - 9*y**3/2 - 102*y**2 + 2. What are the prime factors of q(3)?
2, 3, 37
List the prime factors of (490 - (-2 - -1)) + 228/57.
3, 5, 11
Suppose 4*w = 4*l + 16, 0*l - 19 = -4*w + 5*l. Let s be (w + (-12)/(-8))*22. Suppose -52*z = -s*z + 231. What are the prime factors of z?
7, 11
What are the prime factors of 12/(-15) - (-56478)/10?
5647
Let y be (-1)/(20/19 - 1). Let v = -15019 + 15021. List the prime factors of (v/4)/(y/(-4788)).
2, 3, 7
Suppose 0 = -2*y, -q + 0*y - y = 78. What are the prime factors of 0/2 + (23 - q)?
101
List the prime factors of 7/((-42)/18897)*4/(-6)*3.
6299
Suppose 1 = r - k - 7, -k - 3 = 0. Suppose h + 2197 = r*x, -8*h = -6*h - 6. List the prime factors of x.
2, 5, 11
Let h = -45064 - -83902. List the prime factors of h.
2, 3, 6473
Suppose -3*i + t = -11, 8*t + 5 = 13*t. Suppose 3*s + 5*d - 42 = -0*d, 0 = 5*s + i*d - 57. List the prime factors of s.
3
Let f(a) = 2*a**2 - 7*a + 11. Let j = 8 - 2. Let d be f(j). Suppose 45*u - 184 = d*u. List the prime factors of u.
2, 23
Let h(b) = 19 - 87 + 23 + 29 + 1445*b + 26. List the prime factors of h(1).
3, 5, 97
Let o = 44 + -40. Suppose -2 = -o*i + 14. Suppose -659 = -i*z - 107. What are the prime factors of z?
2, 3, 23
Suppose -2*v = 3*u - 15, 2*v + 4*u = 4*v - 22. Suppose -v*l = -0*l - 2709. What are the prime factors of l?
7, 43
Let h be (-6)/15*(3 + -3148). Suppose 5*r = -3*f + f + 3173, h = 2*r - 2*f. List the prime factors of r.
3, 211
Suppose 0 = -46*y + 33547 + 31911. List the prime factors of y.
1423
List the prime factors of 199930368/24960 + (-4)/130.
2, 3, 5, 89
Let x = -179 - -182. Suppose 6 = 3*f, 2*l - 5*l = x*f - 2613. What are the prime factors of l?
11, 79
Suppose 8*d + 29 = -5*b + 5*d, 5*b - 3*d + 11 = 0. Let s(m) = -5*m**3 + 5*m**2 + 4. List the prime factors of s(b).
2, 101
Let k = 1 - -4. Let w(l) = -11*l + 1 + 29*l - k*l - 6*l. List the prime factors of w(3).
2, 11
Suppose -6*n + 5733 = -7017. What are the prime factors of n?
5, 17
Let f(c) = 26*c - 28. Let j(a) = -a**3 + a**2 + 4. Let z be j(2). Suppose 2*b + 11 = 3*w - 4, b = z. What are the prime factors of f(w)?
2, 3, 17
Let v be 3/(-2)*56/(-28). Suppose -5*q - o = -5835, -q = -v*q + 2*o + 2322. List the prime factors of q.
2, 11, 53
Suppose 3*n - 245